erivative of v**6/120 - v**5/60 - v**4/24 - 17*v**2. Determine c(j).
0
Let q(y) be the second derivative of y**3/3 - 9*y**2/2 + 8428*y. Let p be 16/(-24) - 2/(-3). Determine q(p).
-9
Let j(b) = 18*b - 3*b + 18*b**2 - 30*b**2 + 11*b**2 - 1 - 13*b. Calculate j(-8).
-81
Let s be 30*(-2 + (-6)/9*-6). Let z(v) = -49 + 123 - 2*v - s + 0*v. Calculate z(10).
-6
Let i = 104947 - 104942. Let m(v) = 8 + v**3 - 2*v**3 + 4 + 6*v**2 - 3 - 8*v. Give m(i).
-6
Let o(a) be the third derivative of -a**5/60 + a**4/12 - 2*a**2. Suppose 0 = 4*i - 22*g + 25*g + 26, 5*i + 16 = -g. What is o(i)?
-8
Let i be -14 + ((-20)/50)/((-2)/30). Let k(o) = -2*o - 13. Let d(s) = s + 7. Let p(u) = -7*d(u) - 3*k(u). Calculate p(i).
-2
Let y(h) be the second derivative of -h**5/5 + h**4/12 + h**3 - 3*h**2 + 6793*h. Give y(1).
-3
Let d(a) be the third derivative of -a**6/720 - 7*a**5/120 - 55*a**4/24 - a**3/3 + 2*a**2 + 70*a. Let k(i) be the second derivative of d(i). Calculate k(-12).
5
Let u(i) be the second derivative of 2*i**3/3 + 23*i**2/2 - i. Suppose -41 = -3*p + 4*s - 9*s, 2*p = 3*s - 55. Give u(p).
-9
Let t be 8/(-2) - -6*(-40)/(-30). Suppose t*a + 22 - 62 = -4*p, -2*a + 3*p + 5 = 0. Let o(f) = f**2 - 11*f + 7. What is o(a)?
-21
Let w(y) be the third derivative of y**5/15 - 13*y**2 + 1. Let f be 1 - (-4 + 2 - -2). Calculate w(f).
4
Let n be -1*3/((-6)/10). Let v(i) = -2*i - 3. Let u = -81 - -83. Let m(w) = -w - 3. Let l(g) = u*v(g) - 3*m(g). Give l(n).
-2
Let y(c) = c**3 - 8*c**2 + 1. Suppose 3*z + 2*z - 10 = 0. Let j(x) = x**3 + 3*x - 4. Let n be j(z). Suppose 6*g + n = 58. Calculate y(g).
1
Let w be (5 + 100)*(12/4 + 6). Let o(b) = -w*b + 466*b + 475*b + 6. Calculate o(-5).
26
Suppose 28 = -9*g + 64. Let w(p) = p**2 - 25 - 10*p + 30 - g. Give w(11).
12
Let m = 252 + -269. Let r(g) = 5*g + 85. Give r(m).
0
Let f = -2984 - -2989. Let d(u) = 9*u - 58. What is d(f)?
-13
Let k(z) = -2*z**2 + 18*z - 54. Let m be k(9). Let n be (24/108)/((-2)/m). Let c(r) = -r**3 + 7*r**2 - 7*r + 9. Give c(n).
3
Let p = 10754 - 10760. Let i(w) = 2*w**3 + 6*w**2 - 7*w + 8. Determine i(p).
-166
Let x(d) = -18*d**3 - 19*d**2 - 8*d - 12. Let h(a) = -29*a**3 - 36*a**2 - 16*a - 23. Let u(t) = 3*h(t) - 5*x(t). Calculate u(5).
1
Let l(z) be the first derivative of z**3/3 + z**2/2 - 39. Let u(x) = x**2 - 7*x - 8. Let q(j) = 3*l(j) - u(j). Determine q(-7).
36
Let u(n) be the third derivative of n**6/120 + 7*n**5/20 - 2*n**4/3 + 61*n**3/3 + 12730*n**2. Calculate u(-22).
-10
Let s(o) = 9*o**3 - 29 - 38*o**3 + 6*o**3 + 38*o + 36*o**2 + 16*o**3 + 6*o**3. Let h be s(37). Let t(q) = -2*q + 10. Determine t(h).
-6
Suppose 3*c + 4*c + 3*c = 0. Suppose c = -h - 2 + 4. Let p(n) be the second derivative of -n**3/3 + n**2 - n. Calculate p(h).
-2
Let u(q) = -17*q + 25. Let f(p) = 4*p - 5. Let h(r) = -5*f(r) - u(r). Let v(a) = a - 3. Let i be v(7). Suppose -i*d = 3 - 11. Calculate h(d).
-6
Let h(z) be the second derivative of 17*z**3/6 + 3*z**2/2 + 135727*z. Let d(x) = x**2 + 6*x + 3. Let n be d(-6). What is h(n)?
54
Let v be (-858)/(-55) - -5 - (4/10)/(-1). Let j(d) = -9*d + 183. Determine j(v).
-6
Let u = -1 - -5. Let j be u/(40/18)*5. Let v(r) be the third derivative of r**5/60 - 3*r**4/8 - r**3/6 + 2*r**2 + 9. Calculate v(j).
-1
Let l(f) = f**2 - 20*f + 74. Suppose -153*m = -495 - 423. Determine l(m).
-10
Let y(v) = -11*v**2 + 35*v - 27. Let p(o) = 3*o**2 - 8*o + 6. Let u(w) = 9*p(w) + 2*y(w). Suppose -q + 4*q + 6 = 0. Determine u(q).
24
Suppose 4*u - 5*x = -10*x + 7, -4*x + 12 = 0. Let g(t) = 6 - 3611*t + 7219*t - 3607*t. Calculate g(u).
4
Let a(c) = 11*c + 91. Let o be a(-8). Let f(i) = 31*i - 11 - 9*i - 8*i - o*i - 9*i. What is f(0)?
-11
Suppose -363*a + 16 = -365*a. Let g(n) = n**3 + 9*n**2 + 7*n + 10. Calculate g(a).
18
Suppose 4*m = 2*v + 8, -16 = -2*v - 2*m - 0*m. Suppose v*s - 2*c = -3 + 11, -4*s - 3*c = -28. Suppose -2*j = s*j + 12. Let h(d) = -d. Calculate h(j).
2
Let r(m) = -m**2. Suppose -2*t - 2 = -4*h, 4 - 2 = 2*h. Suppose -4*y - 22 = 5*k, 5*k - 4*y - 1 = t. Calculate r(k).
-4
Let q(a) = a**3 + 15*a**2 + 21*a + 102. Let c(t) = -17*t**2 - 13*t + 100. Let s be c(-3). Calculate q(s).
4
Let d(s) be the second derivative of s**5/20 - 3*s**3/2 - 19*s**2/2 + 12613*s. Give d(-4).
-47
Let m(r) = 8*r - 24. Let n(d) be the second derivative of 5*d**3/6 - 13*d**2/2 - 20*d - 1. Let v(g) = -3*m(g) + 5*n(g). What is v(7)?
14
Let y(i) = 4*i + 6. Suppose -4*u = 3*w - 60, -3*u - w + 32 = -2*w. Let t(d) = 3*d - 32. Let p be t(u). Suppose 0 = p*v + 2 + 14. Calculate y(v).
-10
Suppose 357*q - 359*q - 29 = 5*d, -3*q - 11 = d. Let x(n) = 2*n**2 + 18*n + 27. What is x(q)?
-1
Let v(b) = -2*b**2 - 7*b - 5. Suppose 507 = -114*l + 165. Give v(l).
-2
Let u be (-4 - (-16)/6)*-3 + -1. Let m(v) = 5*v**2 - 16*v - v**u + 7*v + 3*v + 1. Calculate m(4).
-7
Let v(a) = -a. Let t be (-273)/(-78)*(-4 + 0/(-1)). Let h be (t/(-70))/((-1)/(-25) + 0). Suppose 2 = -2*s - 2*s - h*b, -2*s + 2 = 4*b. Give v(s).
3
Let i(s) = -4*s - 5*s + 11*s - 27*s**3 - 2*s. Let q = -34 + 35. Calculate i(q).
-27
Let h(v) be the second derivative of v**3/6 - 4*v**2 - 2*v - 59. Suppose 2*y = -5*y. Let j be (2 + 9/(-3))*y. What is h(j)?
-8
Let c(j) = 43*j - 298. Let t(o) = 32*o - 228. Let n(k) = 11*c(k) - 15*t(k). Give n(25).
-33
Let f(x) = 8*x. Let j(k) = 9*k**2 - 48*k + 2. Let i(l) = 6*f(l) + j(l). Give i(1).
11
Let f(v) = v**3 - 28*v**2 + 53*v - 24. Let i(q) = 50*q - 1124. Let m be i(23). Calculate f(m).
2
Let k(z) be the first derivative of z**4/4 + z**3/3 - 5*z**2/2 + 6520. Give k(-5).
-75
Let g(d) = 6*d**2 - d - 1. Let w(h) be the second derivative of -h**4/12 - 7*h**3/2 + 12*h**2 + 18*h. Let v be w(-22). What is g(v)?
21
Let y(k) = -2*k - 17. Let s = -1261 + 1261. Calculate y(s).
-17
Let u(a) be the second derivative of -a**5/20 + 3*a**4/4 - 4*a**3/3 + 2*a**2 + 2136*a. Give u(6).
64
Let h(p) = p**2 - 4*p + 2. Let y(l) = -12*l - 36. Let n be y(-4). Suppose -4*j = -2*s - n, s + 2 + 2 = j. What is h(j)?
-2
Let j(x) = -x**2 - 2*x - 14. Suppose -20*u = -14*u + 18*u. Determine j(u).
-14
Let r(y) = -y**2. Suppose 26*v = 24*v + 2. Let p be (v/2)/(6/36). Calculate r(p).
-9
Let y(g) = g**2 - 15*g + 44. Let q be 7/((-10)/(1430/(-91))). Determine y(q).
0
Let z(w) = 58*w - 2900 + 2905 - 59*w. What is z(-3)?
8
Let q = -4300 + 4314. Let o be 4*(-3)/((-24)/22). Let v(c) = -o + 20*c - 16*c + q. Calculate v(-3).
-9
Let r(c) = -13*c - 6*c - 2*c - 19*c**2 + 108*c**3 - 219*c**3 - 44 + 112*c**3. What is r(20)?
-64
Let w(k) = -3*k. Let f(r) = 3*r**2 + 40*r + 20. Let q be f(-13). Let a be q*(-8)/(-56)*2. Calculate w(a).
-6
Let f(c) = 2*c**3 + 12*c**2 + 11*c + 10. Suppose 876 + 186 - 77 = -197*n. Give f(n).
5
Let f(w) be the second derivative of 0*w**2 + 0 + 17*w - 1/3*w**3. Let o(h) = -h**3 - 3*h**2 - 2*h - 3. Let y be o(-2). What is f(y)?
6
Let l(u) = -4*u**2 + u - 1. Let j(g) = g**2 - 9*g - 21. Suppose -2*w + z + 31 = -2*z, 4 = -w - 5*z. Let s be j(w). What is l(s)?
-4
Let v(h) = -26*h**3 - 27*h**2 - 34*h - 102. Let q(l) = 43*l**3 + 56*l**2 + 67*l + 203. Let k(b) = 3*q(b) + 5*v(b). What is k(34)?
-3
Let w(z) = 10*z**2 - 4*z + 12. Let b(t) = -3*t**2 + t - 4. Suppose 3*u + 23 = 2. Let k(d) = u*b(d) - 2*w(d). What is k(-3)?
10
Let h(v) = -3*v**3 + 2*v**2 - 1. Let k(b) = -9*b**2 + 51*b + 24. Let x be k(7). Let u be (6/(-4))/(3/(-40)). Let z be (u/x)/(1/(-3)). Give h(z).
-2
Let s(v) = -1 - 6229*v + 6227*v + 1 - 16. Let a(x) = 3*x. Let n be a(-4). Give s(n).
8
Let f(u) = -6*u**3 + u**2 - u - 1. Suppose -232 = 14*c - 1254. Suppose -3 = c*l - 70*l. Give f(l).
7
Let t be (-109)/18 + 197/3546. Let u(s) = s**3 + 4*s**2 - 16*s - 25. Calculate u(t).
-1
Suppose 12 - 14 = -m - 15. Let j(a) = -a**2 - 16*a - 3. Determine j(m).
36
Let t(z) = -z**3 - 4*z**2 + 4. Suppose -v + 100 = 4*v. Let k be (-1 - 1)*(-6)/(48/v). Suppose 2*b + 14 = -2*u, -5*b - 15 = k. Determine t(u).
-5
Let z(q) be the third derivative of -q**7/5040 - q**6/360 - 17*q**5/30 + q**4/24 - q**2 + 26*q. Let j(x) be the third derivative of z(x). Calculate j(-8).
6
Suppose -10 = -u + q, -3*u - q - 4*q - 10 = 0. Suppose u*j + 2*i - 834 = 0, 2*j - 19 = -3*i + 308. Let v(z) = 0*z + 2*z - j*z**2 + 4 + 167*z**2. What is v(4)?
-4
Let f(r) be the first derivative of -r**6/120 + r**5/20 - r**4/24 - 10*r**2 - r - 66. Let t(j) be the second deri